 - (3 + -4) - 1
3
3 - (2 + -6 + -15 + 15)
7
What is the value of -6 - (4 - (-5 + 8) - -1)?
-8
What is 5 - -1 - (2 + 2)?
2
9 - (-8 + 12 - -1)
4
-4 + 1 + 2 - (-1 + 5)
-5
What is the value of 11 + (-5 - (-2 + -1)) - 3?
6
2 + 10 + 0 - (-7 + 12)
7
Calculate -10 + 11 + 1 + 0.
2
Evaluate -4 + (-9 - -4) + (4 - 0).
-5
Calculate (-2 - -4) + -3 + 4 + 6.
9
What is the value of (-2 - 0) + 7 - (-71 - -85)?
-9
Evaluate -4 + 10 + (-3 - 2) - 6.
-5
What is 7 - (16 + -7 + 1)?
-3
What is the value of 4 + -2 + (-5 - -3) + 3?
3
Calculate 2 - (-4 - -3) - (1 - 0).
2
What is the value of -1 + 2 + -6 - -1?
-4
Calculate 26 + -30 - (-8 + 3).
1
Evaluate 20 + -6 + 4 + -12.
6
What is -4 + -15 + 33 + -8 + 2?
8
Evaluate -8 + 9 + (0 + 4 - 10).
-5
Evaluate 0 + -1 - (1 + -4 + -1).
3
What is (-5 + 4 - 6) + 2 + 0?
-5
What is 6 - (-11 - (-11 + 0))?
6
Evaluate -4 - (2 - (11 + -1)).
4
Calculate 4 - 4 - (6 + -8).
2
What is 4 + (0 - 3 - -1)?
2
Calculate -9 - ((-7 - -4) + -1).
-5
(-4 - (-7 - 4)) + -6
1
(6 - -1) + (-8 - (-13 + 6))
6
Evaluate 5 + (6 - 10) + 1.
2
0 - (0 - (2 - -3))
5
What is (4 - 3) + -3 - (-19 - -16)?
1
What is the value of -1 + -10 + -98 + 109?
0
Evaluate 4 - (-3 + 4) - 5.
-2
What is the value of 2 + 4 + -9 + (1 - 3)?
-5
What is (13 - 7 - 19) + 9?
-4
-5 + (-3 - (4 - 5)) + 4
-3
What is 0 - 3 - (-7 - 3)?
7
Calculate -3 + (-2 - (-2 + 1)) + 4.
0
Evaluate -10 + 8 + -2 + 3.
-1
What is (-2 - -12) + 14 + -23?
1
4 + (5 - (-1 + 10))
0
(1 - 2 - -1) + -172 + 180
8
Calculate (-135 - -137) + (1 - -5).
8
Calculate (-9 - (-3 + -11)) + (2 - 1).
6
What is the value of 3 + -11 + 9 + -4?
-3
What is the value of 1 + (11 + -3 - 4)?
5
Evaluate (3 + 1 - 2) + 2 + -1.
3
Calculate -5 - (2 + -9 + 2) - -8.
8
What is the value of -9 + -1 + -8 + 17?
-1
(3 - -1) + 8 + -22 + 10
0
(-4 - (3 - (2 + 3))) + 5
3
-9 - (-1 - (-4 - -7))
-5
Evaluate 0 + (-13 - -15) - (0 - -9).
-7
What is the value of (-4 - (6 + -16 - -1)) + 2?
7
Calculate -23 + -12 + 24 - (-7 - -1).
-5
4 - (5 + 6 + -5)
-2
Evaluate (0 + -10 - -11) + -5.
-4
-5 - -1 - (-3 + 0) - -4
3
Evaluate (-5 - -1) + -9 + (15 - 7).
-5
Calculate (-117 - -117) + (-5 - (0 + -1)).
-4
Evaluate -2 - (-9 + 23 - 10).
-6
Evaluate 9 - 7 - -11 - (1 + 4).
8
-2 - (-4 + 1 - (1 + 2))
4
-9 - ((20 - 11) + -21)
3
12 - (25 + (-7 - -3))
-9
Calculate -4 + 6 + -2 + -1.
-1
Evaluate 1 - -1 - (15 + -8).
-5
Calculate 0 + -5 + -2 + 3 + 5.
1
-7 - -8 - (1 + 2 + -5)
3
Evaluate -6 - (-5 - -1) - -6.
4
Calculate (3 - (1 + -1 + 1)) + 1.
3
What is 0 + (-11 - -3) + 5?
-3
Evaluate (1 - 2) + (2 + -4 - 2).
-5
What is the value of 6 - (-7 - (-13 - (0 - 2)))?
2
What is (-3 - 1) + (-4 - 1) + 5?
-4
Evaluate -2 + 22 + -13 - 17.
-10
Calculate 3 - (4 + -8 - -2).
5
What is 2 - ((0 - -3) + -1)?
0
What is (-3 - -1) + 8 + -3?
3
Calculate (4 - 1 - 2) + 0.
1
-6 - ((1 - 11) + 2)
2
What is (-4 - 3) + -1 + 3?
-5
Evaluate 2 - (-4 + 8) - -5.
3
Calculate (-1 - (-2 + 1)) + 0.
0
What is the value of -1 + -1 + (2 - 2 - -1)?
-1
Evaluate 29 + -31 - (-12 - -2).
8
Calculate -6 - -3 - (-9 - -2 - -1).
3
Evaluate -2 + -3 + (5 - -4).
4
What is (-4 - -4) + 4 - 1?
3
What is the value of 1 + 0 + (-2 - 0) - -2?
1
Calculate 2 - (-6 - 5) - (5 + -2).
10
What is 11 - (8 + -9) - 9?
3
What is -2 - -6 - (0 + 7)?
-3
What is the value of -4 - -4 - ((1 - -1) + 1)?
-3
Evaluate (3 - 1) + -16 + 16.
2
Calculate 3 + 0 - (4 - 0) - 2.
-3
16 + (-18 - (6 - 15))
7
Evaluate 1 - ((-1 - -2) + 4).
-4
What is -10 + 6 + 3 + (1 - -5)?
5
4 + 1 + (-5 - 1)
-1
What is the value of 2 - ((-5 - -1 - -2) + 1)?
3
Evaluate 3 + (1 + 0 - (0 - 0)).
4
Evaluate (-1 - (4 - -2)) + -5 + 8.
-4
Calculate (-1 - -4) + 3 + (5 - 7).
4
Evaluate (0 - 3) + 0 - 3 - -2.
-4
Evaluate 0 + 0 + 5 + 2 + -9.
-2
Calculate -6 + 3 + 4 - -2.
3
0 + 0 - (-75 + 81)
-6
-3 + (11 - 3 - 0) + -4
1
-9 + 1 + 8 - -6
6
What is 1 + 0 - (10 + -9 + -2)?
2
Calculate (4 - 2) + (2 - -3) + -4.
3
What is 2 - -2 - 4 - 0?
0
Evaluate -9 + 0 - -2 - (46 - 49).
-4
Calculate -3 + 3 + 1 + (29 - 33).
-3
Calculate 9 - (6 + -9) - (7 - 0).
5
What is 5 - (-6 - -17 - 6)?
0
What is the value of 3 - (1 - 5) - 5?
2
Evaluate 0 - ((4 - 0) + -3).
-1
Calculate -8 + -7 + 1 + 13.
-1
Calculate -10 + (0 - 4) - -10.
-4
(-6 - 0) + 8 + -4
-2
Evaluate 1 + -12 + 11 + (2 - -1).
3
Calculate (-1 - 2) + (3 - 0) + 0.
0
What is (12 - 16) + (-2 - -5)?
-1
Calculate 8 - (4 - -2) - (-4 + 0).
6
-13 + 0 + -8 + 1 + 10
-10
Calculate -10 + -2 + 10 + -4.
-6
Calculate 2 + 2 + (-2 - -1).
3
What is -1 + -3 - (-2 - -2)?
-4
Evaluate 5 - (5 - (-1 - 5)).
-6
What is the value of -8 - (-3 - (4 + (-4 - 0)))?
-5
What is (-3 - 1) + 0 - (2 + -3)?
-3
Evaluate 4 - (9 - 4) - -7.
6
Calculate 2 + 1 - (-10 + 9).
4
What is the value of 7 + -2 + (0 - -1) + 1?
7
8 + 9 + -28 + 19
8
Evaluate -2 + -2 + 3 + (-2 - -1).
-2
What is (3 - -3) + -1 - (8 + -3)?
0
11 + 8 + -16 - (1 + 1)
1
Evaluate -4 + (-6 - (-1 + -13 - -4)).
0
-172 + 168 - ((-1 - -1) + -10)
6
10 + 0 - (5 + -1 + 2)
4
Calculate -10 - (1 - 7) - -1 - 6.
-9
Calculate -1 - (3 + (5 - 8) - 2).
1
Calculate (1 + -2 - (11 + -12)) + -1.
-1
Calculate -12 + 6 + 5 - (-6 + 1).
4
What is 1 - (2 - (-6 - -2))?
-5
Evaluate 4 + -10 + 3 + 4 + 4.
5
1 + (-7 - -2) + (7 - 6)
-3
Evaluate -2 + (-4 - -10) + -2 + -7.
-5
What is 1 + 3 - (2 - 6 - -9)?
-1
Calculate -1 + -4 - ((1 - -1) + -2).
-5
What is 4 - (-5 + 12 - 5)?
2
What is 1 - -1 - (7 - (12 + -8))?
-1
-3 - -7 - (3 - (-1 + -4))
-4
What is the value of (1 - 1) + (-3 - -4) - 1?
0
Evaluate (5 - 1) + (1 - (2 + 1)).
2
What is 1 - (0 - -4) - (-1 - 0)?
-2
What is the value of -4 + (0 - (-4 - -6) - -1)?
-5
What is 0 + ((-5 - -6) + 2 - 5)?
-2
Calculate 4 + -9 + -4 + 3 + 2.
-4
Evaluate (-7 - -9) + -4 + 6.
4
Calculate 6 - (0 + -7 + 6).
7
(25 - (9 - 2)) + -10
8
Calculate (12 - 16 - (-9 + -2)) + -5.
2
2 + (12 - 9) + 2
7
Evaluate -1 + -2 + -6 + 5.
-4
What is -12 - (-3 + -1) - -5?
-3
1 - (3 + -4 + (2 - 0))
0
-2 - ((-4 + 1 - -5) + -4)
0
What is the value of -2 - -7 - (7 - 3) - -2?
3
-4 - (0 - 4 - 6) - 10
-4
(-5 - 3) + -5 + 11
-2
Evaluate 5 - (5 + (8 - 9) + -3).
4
Calculate 1 - ((-7 - -2) + 10).
-4
What is 5 - 4 - 6 - (2 + -8)?
1
(9 - 2) + -2 + 1 + -1
5
Calculate 4 - (11 - 4 - (-1 + 0)).
-4
What is the value of (12 + -6 - 1) + (-11 - -1)?
-5
What is the value of 1 + 1 + -2 - (2 - 1)?
-1
(-14 - -11) + 1 + 0
-2
Evaluate (38 - 42) + 1 + 4.
1
What is (-2 - (-6 - -4)) + 5?
5
Evaluate 4 + -1 + 1 + -4.
0
Evaluate -3 - ((-4 - -3) + -3 + 3).
-2
What is the value of 1 - (-3 - 2 - -1)?
5
Calculate -2 + 19 + (-23 + 3 - -13).
10
Calculate 7 + (5 + -8 - 2) + -3.
-1
Calculate 0 + 1 + -5 + 2 - -1.
-1
Calculate 5 + 1 + (9 - 17).
-2
What is the value of -43 - -42 - (1 - 7)?
5
What is 1 + -3 + 6 + 3 + -12?
-5
What is the value of -12 + 19 + (-1 - 10)?
-4
(-9 - (0 - (4 + -2))) + 6
-1
Calculate -48 + 55 - (0 - -5).
2
What is -2 - -1 - ((-18 - -18) + 4)?
-5
What is the value of (-1 - 0) + (6 - -6 - 16)?
-5
What is the value of 9 + (3 - 2) + -5?
5
Evaluate (-8 - (-3 - 4)) + -1 + 5.
3
Evaluate (-6 - (5 + -9) - 2) + 4.
0
Calculate 5 - (5 + (-5 - -6)).
-1
-2 - (-2 - (-5 + 2))
-3
12 + -9 + -5 + 2
0
What is -4 + 8 - 6 - (0 + -1)?
-1
What is the value of -4 - (-11 - (-6 + -2))?
-1
What is 9 - (-18 + 21 - (1 + -2))?
5
Evaluate (5 - 2) + 5 + -10 + -1.
-3
Evaluate -5 - (-4 - 1) - (1 + -2).
1
Calculate 0 + 3 - (-69 + 74).
-2
-1 + 1 + -5 + 4 + 0
-1
Calculate -8 + 0 + 7 + -17 + 13.
-5
Evaluate -24 + 25 + (0 - 4) + 0.
-3
What is -3 + (5 - (-1 - 3))?
6
Calculate 2 + 4 + -1 + 10 + -22.
-7
What is 0 - (6 - 5) - -5?
4
Calculate -3 + (-1 - -3) + -10 - -2.
-9
-3 + -4 - -1 - -1
-5
12 - 1 - (17 + -2)
-4
Calculate (2 - 0) + (-18 - -22).
6
What is the value of 8 - ((-1 - -14) + (1 - 9))?
3
What is 0 - (2 + (-3 - -3))?
-2
What is the value of 5 + -2 + 6 + -7?
2
Calculate 0 + 2 + (0 - 4).
-2
-3 + 6 + -9 + 4
-2
1 + -4 - ((2 - 5) + 5)
-5
Evaluate (-2 - -11) + -12 + -7.
-10
3 + 5 + -7 + 6 + -4
3
Evaluate 1 - (-2 - (-2 - (3 - 5))).
3
3 - (-13 - -13) - 11
-8
What is 8 + (-8 - -22 - 6) + -6?
10
What is the value of (2 - (8 + -2)) + -1?
-5
What is (-1 - 4) + -8 + (3 - 0)?
-10
What is the value of 2 + (2 - (0 + 0))?
4
What is the value of -22 - -17 - (-5 + 1)?
-1
Evaluate 8 + (-20 - -8) - (-4 - 2).
2
Calculate -8 + 14 - ((-5 - -1) + 11).
-1
What is 2 - ((-6 - -3) + 1)?
4
Evaluate (-11 - -10) + (2 - 0) + 4.
5
What is the value of -4 - (-7 - (0 - 10))?
-7
Calculate -9 - (-8